atest common factor of 67951 and g?
13
Suppose 0 = -88*s - 2382 + 3438. Let z = 8 - -25. Calculate the highest common factor of z and s.
3
Suppose -17*c + 18*c - 5 = 0. Suppose 0 = c*o - 174 - 51. Calculate the highest common divisor of 10 and o.
5
Suppose -7*i + 19*i + 36 = 0. Let s be 14 - 3/1*(-2 - i). Calculate the highest common divisor of s and 187.
11
Let v be (-349)/(-3) + (-1)/3. Suppose -4*y - 5*d = -211, 22*y + 3*d = 18*y + 205. Suppose 3*u - 136 = -y. What is the highest common divisor of v and u?
29
Let z(p) = 23*p**2 + 4*p + 2. Let r = 1 - 3. Let w be z(r). Suppose 170 = 2*m + 171*v - 167*v, 107 = m + v. Calculate the highest common factor of w and m.
43
Let t(l) = -l**3 + 6*l**2 - 3*l - 1. Let k be t(5). Let b be ((-4)/(-8))/(10/780). What is the highest common factor of k and b?
3
Suppose s = -s + 4*j + 12, 68 = 4*s + 3*j. Let v(r) = 3*r**2 - 21*r + 109. Let f be v(8). What is the highest common factor of f and s?
7
Let r(b) = 4 + 17*b**3 + 0 + 1281*b - 1276*b + 2*b**2. Let y be r(4). Calculate the greatest common divisor of y and 88.
88
Let n be (-4)/((-10)/5)*-2. Let r be (-132)/n + (-4 - -1). Let z = r + -26. Calculate the greatest common factor of z and 56.
4
Let t be (50/4)/((-2)/(-12)). Let p(r) = -121*r - 1689. Let x be p(-14). What is the highest common factor of x and t?
5
Suppose 33*n - 54*n = -26*n + 3105. Calculate the greatest common factor of n and 1081.
23
Suppose 2*h + 105 = 5*h + 3*s, 0 = 3*h - 5*s - 81. Let b = -21 + h. Calculate the greatest common divisor of 253 and b.
11
Suppose 3*f - 31 = 29*g - 33*g, -2*f - 4*g = -22. Calculate the highest common factor of f and 114.
3
Suppose 269*d = 2241667 + 13054480. What is the greatest common factor of d and 101?
101
Let r be (12/3 - 2529/3) + -5. Let f be (-2)/15 + r/(-30). Calculate the highest common factor of f and 1372.
28
Suppose -3*k + 5*k - 7324 = 5228. What is the highest common factor of 48 and k?
12
Let j be (29 + -5)/(-6) - -8. Let i be (-3 + -25)*j/(8/(-1)). What is the highest common divisor of i and 294?
14
Let r = -130 - -110. Let m be (-72)/r + -4 - 222/(-5). What is the greatest common factor of 11 and m?
11
Suppose -4*m + 374 + 1558 = 0. Let v(z) = -z**2 - 13*z - 19. Let s be v(-8). What is the greatest common factor of s and m?
21
Let d = -297 + 496. Suppose 5*g - 251 = d. Calculate the highest common factor of g and 18.
18
Suppose 36*z - 1521 = 10071. Calculate the highest common divisor of 14 and z.
14
Suppose 0 = -148*w + 186*w - 134596. What is the greatest common divisor of w and 92?
46
Let c be 21/(-63) - 356744/(-24) - (3 + 1). What is the greatest common factor of 20 and c?
20
Let x = 1733 - 1649. Let s = -3 - -59. What is the greatest common factor of x and s?
28
Let o(q) = -q**3 + 81*q**2 - 125*q - 2572. Let u be o(79). Let p(k) = 15*k**2 - 3*k - 4. Let s be p(-3). Calculate the greatest common factor of u and s.
35
Let m be -11 - ((-20870 - -1) + (32 - 29)). What is the highest common factor of m and 430?
215
Suppose 4*g - 1112 = -8*v, -31 = 3*v - 5*g - 396. What is the highest common factor of v and 365?
5
Suppose g = 2*h - 8909, -h - g + 6*g + 4477 = 0. Suppose -18*n + 6*n = -h. Calculate the greatest common factor of n and 106.
53
Suppose 0 = 50*r - 92068 - 326182. What is the greatest common factor of r and 717?
239
Suppose -2*w + 703 = 3*o, -2*w + 15 = w. What is the highest common factor of 297 and o?
33
Let u(n) = -2*n**2 - 6*n + 1663. Let o be u(-29). What is the highest common factor of o and 496?
31
Let j be -14*(8 + (-378)/45 + 2430/(-175)). What is the greatest common divisor of j and 2675?
25
Suppose 25508 + 22452 = 88*h. Calculate the greatest common factor of 10 and h.
5
Let v be 2 - -2 - 2/1. Suppose -l + 3*x = -12, 6*x - v*x + 93 = 5*l. Let p = 32 - 11. What is the greatest common divisor of p and l?
21
Suppose -33*j + 10*j = 58*j - 243. Let q be -9*((-2)/(-1) + -5). What is the greatest common factor of q and j?
3
Suppose -24*z + 5152 = 1120. Suppose -252 = -42*m + z. What is the greatest common divisor of m and 530?
10
Suppose 0 = -4*t - 3*d + 2, 2*d - 2 - 2 = -4*t. Suppose -78 = -p + t. What is the greatest common factor of p and 20?
20
Let j be ((-219)/2)/(11/(-220)). What is the highest common divisor of 390 and j?
30
Suppose 145*d = 174*d - 87. What is the greatest common divisor of 411 and d?
3
Let k be 5/((-40)/(-3)) + 51877/(-56). Let s = -722 - k. Calculate the greatest common divisor of 36 and s.
12
Let h = -454 + 766. Suppose -16*j - h = -1032. What is the highest common factor of 27 and j?
9
Suppose -5*s + 132*l + 14799 = 129*l, 5*s - 14815 = -5*l. Calculate the highest common divisor of 126 and s.
63
Let t(j) = -j**3 - 14*j**2 - 21*j - 34. Let u be t(-9). Let n be (8100/u)/(1 - 13/10). What is the greatest common divisor of 12 and n?
12
Let d(l) be the third derivative of -l**4/2 + 7*l**3/3 + 16*l**2. Let n be d(5). Let c = n - -91. What is the greatest common divisor of 9 and c?
9
Let v = -5343 - -5389. Calculate the highest common factor of v and 1817.
23
Let s(h) = -10*h - 5. Let r(p) = 140*p + 70. Let a(m) = -4*r(m) - 55*s(m). Let o be a(-2). Calculate the highest common factor of o and 5.
5
Let n = -570 + 766. Suppose -6*y + 38 = -n. Calculate the highest common factor of 91 and y.
13
Suppose 5*l - 2*m = 74, l - 4*m + 148 = 134. What is the highest common divisor of l and 6828?
6
Let x be (-1470)/(140/(-63) - 8/(-36)). What is the highest common divisor of 525 and x?
105
Suppose 11*g = 12*g - 4*n - 179, g - 151 = -3*n. Let k = -125 + g. Calculate the highest common divisor of k and 2.
2
Suppose 166 = 7*v - 338. Suppose -79*a + 112 = -v*a. Let w = 227 - 115. Calculate the greatest common factor of w and a.
16
Suppose 0 = 15*i - 15*i + 13*i - 13572. What is the greatest common factor of 72 and i?
36
Let u = 178 - 431. Let k = -181 - u. Calculate the highest common divisor of k and 126.
18
Let i(q) = q + 1. Let b(s) = -58*s - 18. Let p(d) = -b(d) - 5*i(d). Let j be p(15). Let g be j/14 + 6/63*3. Calculate the highest common divisor of g and 145.
29
Let g be -1*((-4)/(-8) + 1/(-2)). Suppose g = 9*j - 323 + 188. What is the highest common factor of 165 and j?
15
Let j(n) = -42*n + 232. Let s be j(4). What is the greatest common divisor of s and 13280?
32
Let n = 120 - 37. Let a be ((-16)/6)/(3 - n/27). Let y be (0 + 3)/((-8)/(-24)). Calculate the highest common factor of y and a.
9
Let z = -101 - -104. Suppose -5*i = 2*r - 330, -5*r - z*i = -1183 + 377. Calculate the greatest common divisor of r and 20.
20
Let q be -2*4546/(-8) - (58/4)/29. Calculate the greatest common factor of q and 56.
8
Suppose 625*p - 275*p + 289*p = 23004. Suppose -1 + 15 = 2*u. Let d(j) = 13*j - 1. Let r be d(u). What is the greatest common divisor of p and r?
18
Suppose -336687 + 37772 = -313*p. What is the highest common factor of p and 40?
5
Suppose -660 = 5*o - 5*u, 119 = -4*o - u - 434. Let f = 839 + o. What is the highest common divisor of 54 and f?
54
Let k = 7915 - 5707. Calculate the greatest common factor of 864 and k.
96
Let t = -416 - -411. Let d(r) = -r**2 - 20*r - 69. Let g be d(t). What is the highest common factor of g and 78?
6
Let d(w) = -w**2 + 3*w - 177. Let t be d(0). Let x be (-8)/24*t + 0/(-1). Calculate the highest common factor of x and 531.
59
Let j(c) = -60*c - 2473. Let o be j(-67). What is the highest common factor of 455 and o?
91
Let u(z) = 61*z + 4062. Let t be u(-13). Calculate the highest common divisor of 14 and t.
7
Let r = -1626 + 1696. Let y(d) = d + 10. Let c be y(0). Calculate the greatest common factor of r and c.
10
Suppose 0 = -13*t - 3*t + 64. Let z be (-102)/4*(t + 36/(-6)). What is the highest common divisor of z and 102?
51
Let t = -77 + 117. Let k = 42 - t. Let u = 8 - k. What is the highest common factor of u and 24?
6
Let b = 4440 + -4404. What is the highest common divisor of b and 3042?
18
Suppose 340*a = 231617 + 505163. Calculate the greatest common divisor of 2561 and a.
197
Suppose 175 = 4*q + 21*q. Suppose -595 = -288*g + 283*g. What is the greatest common divisor of g and q?
7
Suppose -702*q = -700*q - 128. Calculate the greatest common divisor of 212 and q.
4
Suppose 1192 = 5*a + 3*s, 0 = -2*a + 5*a + 2*s - 716. Suppose 5*o - 139 - a = 0. Calculate the highest common 